{"id":112,"date":"2026-03-15T21:40:46","date_gmt":"2026-03-15T20:40:46","guid":{"rendered":"https:\/\/spwr.chmielnik.pl\/?page_id=112"},"modified":"2026-03-15T21:46:27","modified_gmt":"2026-03-15T20:46:27","slug":"regulamin-okreslajacy-szczegolowe-warunki-korzystania-przez-uczniow-z-bezplatnych-podrecznikow-lub-materialow-edukacyjnych","status":"publish","type":"page","link":"https:\/\/spwr.chmielnik.pl\/index.php\/regulamin-okreslajacy-szczegolowe-warunki-korzystania-przez-uczniow-z-bezplatnych-podrecznikow-lub-materialow-edukacyjnych\/","title":{"rendered":"REGULAMIN\u00a0 okre\u015blaj\u0105cy szczeg\u00f3\u0142owe warunki korzystania przez uczni\u00f3w z bezp\u0142atnych podr\u0119cznik\u00f3w lub materia\u0142\u00f3w edukacyjnych"},"content":{"rendered":"<p align=\"center\"><strong>REGULAMIN\u00a0 okre\u015blaj\u0105cy szczeg\u00f3\u0142owe warunki korzystania przez uczni\u00f3w z bezp\u0142atnych podr\u0119cznik\u00f3w lub materia\u0142\u00f3w edukacyjnych<\/strong><\/p>\n<p align=\"center\">\u00a71<\/p>\n<p>W celu zapewnienia co najmniej trzyletniego okresu u\u017cywania podr\u0119cznik\u00f3w lub materia\u0142\u00f3w edukacyjnych okre\u015bla si\u0119 szczeg\u00f3\u0142owe warunki korzystania z podr\u0119cznik\u00f3w lub materia\u0142\u00f3w edukacyjnych przez uczni\u00f3w Szko\u0142y Podstawowej im. Stefana Kard. Wyszy\u0144skiego w Woli Rafa\u0142owskiej<\/p>\n<p align=\"center\">\u00a72<\/p>\n<p>Ilekro\u0107 w zarz\u0105dzeniu mowa o:<\/p>\n<p><em>szkole<\/em>\u00a0\u2013 nale\u017cy\u00a0 przez to rozumie\u0107 Szko\u0142\u0119 Podstawow\u0105 im. Stefana Kard. Wyszy\u0144skiego w Woli Rafa\u0142owskiej<\/p>\n<p><em>uczniu<\/em>\u00a0\u2013 nale\u017cy przez to rozumie\u0107 ucznia realizuj\u0105cego obowi\u0105zek szkolny- uj\u0119tego w ksi\u0119dze uczni\u00f3w Szko\u0142y Podstawowej im. Stefana Kard. Wyszy\u0144skiego w Woli Rafa\u0142owskiej<\/p>\n<p><em>rodzicu ucznia<\/em>\u00a0\u2013 nale\u017cy przez to rozumie\u0107 tak\u017ce opiekuna prawnego,<\/p>\n<p><em>podr\u0119cznikach<\/em>\u00a0\u2013 nale\u017cy przez to rozumie\u0107 podr\u0119czniki, w tym podr\u0119cznik z danego j\u0119zyka obcego nowo\u017cytnego, materia\u0142y edukacyjne do zaj\u0119\u0107 z danego j\u0119zyka obcego nowo\u017cytnego,<\/p>\n<p><em>organie prowadz\u0105cym<\/em>\u00a0\u2013 nale\u017cy przez to rozumie\u0107 Gmin\u0119 Chmielnik<\/p>\n<p align=\"center\">\u00a73<\/p>\n<ol>\n<li>Podr\u0119czniki, w tym podr\u0119czniki do zaj\u0119\u0107 z danego j\u0119zyka obcego nowo\u017cytnego, materia\u0142y edukacyjne do zaj\u0119\u0107 z danego j\u0119zyka obcego nowo\u017cytnego s\u0105 w\u0142asno\u015bci\u0105 organu prowadz\u0105cego szko\u0142\u0119 i znajduj\u0105 si\u0119 w zasobach biblioteki szkolnej.<\/li>\n<li>Podr\u0119czniki s\u0105 wypo\u017cyczane (u\u017cyczane) uczniom szko\u0142y na okres danego roku szkolnego.<\/li>\n<li>Wypo\u017cyczenia (u\u017cyczenia) podr\u0119cznik\u00f3w dokonuje nauczyciel odpowiedzialny za prowadzenie biblioteki szkolnej. Podr\u0119czniki przekazywane s\u0105 wychowawcom klas (potwierdzone podpisem wychowawcy). Nauczyciel wychowawca rozdziela je uczniom. Zapis ten stosuje si\u0119 r\u00f3wnie\u017c do zwrotu podr\u0119cznik\u00f3w.<\/li>\n<li>Podr\u0119czniki s\u0105 wypo\u017cyczane (u\u017cyczane) uczniom nie p\u00f3\u017aniej, ni\u017c do dnia 14 wrze\u015bnia danego roku szkolnego.<\/li>\n<li>Wypo\u017cyczenie podr\u0119cznik\u00f3w mo\u017ce nast\u0105pi\u0107 r\u00f3wnie\u017c w innym terminie, w trakcie danego roku szkolnego.<\/li>\n<li>Materia\u0142y \u0107wiczeniowe nie podlegaj\u0105 obowi\u0105zkowi zwrotu, staj\u0105 si\u0119 w\u0142asno\u015bci\u0105 ucznia.<\/li>\n<li>Ucze\u0144, kt\u00f3ry w trakcie roku szkolnego zmienia szko\u0142\u0119, zobowi\u0105zany jest przed jej opuszczeniem zwr\u00f3ci\u0107 otrzymane podr\u0119czniki i materia\u0142y edukacyjne.<\/li>\n<li>Rodzic zapoznaje si\u0119 z procedurami udost\u0119pniania i u\u017cytkowania darmowych podr\u0119cznik\u00f3w, co potwierdza podpisem.<\/li>\n<\/ol>\n<p align=\"center\">\u00a74<\/p>\n<ol>\n<li>Po zako\u0144czeniu zaj\u0119\u0107 dydaktycznych w szkole uczniowie zwracaj\u0105 podr\u0119czniki do biblioteki szkolnej. Zwrot nast\u0119puj\u0119 nie p\u00f3\u017aniej ni\u017c do ko\u0144ca roku szkolnego. Uczniowie przyst\u0119puj\u0105cy do egzaminu klasyfikacyjnego, sprawdzaj\u0105cego lub poprawkowego zwracaj\u0105 podr\u0119cznik nie p\u00f3\u017aniej ni\u017c do ko\u0144ca sierpnia danego roku.<\/li>\n<li>Nadz\u00f3r nad zadaniem, o kt\u00f3rym mowa w ust. 1 realizuje wychowawca ucznia oraz nauczyciel odpowiedzialny za prowadzenie biblioteki szkolnej.<\/li>\n<li>Podczas zwrotu podr\u0119cznika do biblioteki- nauczyciele, o kt\u00f3rych mowa w ust. 2 dokonuj\u0105 ogl\u0119dzin podr\u0119cznika, okre\u015blaj\u0105c stopie\u0144 jego zu\u017cycia.<\/li>\n<li>W przypadku zgubienia podr\u0119cznika, znacznego zu\u017cycia, wykraczaj\u0105cego poza jego zwykle u\u017cywanie, jego zniszczenia, b\u0105d\u017a niezwr\u00f3cenia rodzice s\u0105 zobowi\u0105zani do zwrotu koszt\u00f3w zakupu nowego podr\u0119cznika. Wp\u0142aty dokonuje si\u0119 na konto bankowe organu prowadz\u0105cego szko\u0142\u0119 co\u00a0stanowi doch\u00f3d bud\u017cetu pa\u0144stwa.<\/li>\n<li>Przez zniszczenie podr\u0119cznika rozumie si\u0119 umy\u015blne lub spowodowane przez zaniedbanie u\u017cytkownika poplamienie, trwa\u0142e zabrudzenie, porysowanie lub popisanie, po\u0142amanie lub rozerwanie, wyrwanie i zagubienie kartek oraz inne wady fizyczne, kt\u00f3re pomniejszaj\u0105 warto\u015b\u0107 u\u017cytkow\u0105 podr\u0119cznika lub materia\u0142\u00f3w edukacyjnych i uniemo\u017cliwiaj\u0105 pe\u0142ne z nich korzystanie.<\/li>\n<li>Do\u0142\u0105czona do podr\u0119cznik\u00f3w lub materia\u0142\u00f3w edukacyjnych p\u0142yta CD stanowi integraln\u0105 cz\u0119\u015b\u0107 podr\u0119cznik\u00f3w i nale\u017cy je zwr\u00f3ci\u0107 wraz z podr\u0119cznikiem. Zagubienie p\u0142yty CD skutkuje konieczno\u015bci\u0105 zwrotu koszt\u00f3w ca\u0142ego podr\u0119cznika.<\/li>\n<li>Warto\u015b\u0107 uszkodzonych lub zniszczonych podr\u0119cznik\u00f3w okre\u015bla Dyrektor szko\u0142y na podstawie kwoty wynikaj\u0105cej z faktury zakupu lub aktualnych cen wydawcy i warto\u015bci podr\u0119cznika okre\u015blonej przez MEN.<\/li>\n<li>Zapisu ust\u0119pu 4, 5 i 6 nie stosuje si\u0119 w przypadku zwrotu podr\u0119cznika po jego trzyletnim u\u017cytkowaniu.<\/li>\n<\/ol>\n<p align=\"center\">\u00a75<\/p>\n<ol>\n<li>Uczniowie s\u0105 zobowi\u0105zani do u\u017cywania podr\u0119cznika zgodnie z jego przeznaczeniem, do zachowania troski o jego walor u\u017cytkowy i estetyczny, do chronienia go przed zniszczeniem, b\u0105d\u017a zagubieniem i do utrzymania go w nale\u017cytym stanie. Pod poj\u0119ciem nale\u017cytego stanu rozumie si\u0119 zu\u017cycie przedmiotu wynikaj\u0105ce ze zwyk\u0142ego, zgodnego z przeznaczeniem u\u017cytkowania.<\/li>\n<li>Uczniowie s\u0105 zobowi\u0105zani do w\u0142a\u015bciwego ob\u0142o\u017cenia ksi\u0105\u017cki zabezpieczaj\u0105cego przed uszkodzeniem ok\u0142adki.<\/li>\n<li>Zabrania si\u0119 dokonywania w podr\u0119cznikach jakichkolwiek wpis\u00f3w, notatek i zakre\u015ble\u0144.<\/li>\n<li>W przypadku zniszczenia lub zagubienia podr\u0119cznika ucze\u0144 lub rodzic jest zobowi\u0105zany poinformowa\u0107 nauczyciela wychowawc\u0119 i nauczyciela odpowiedzialnego za prowadzenie biblioteki szkolnej.<\/li>\n<\/ol>\n","protected":false},"excerpt":{"rendered":"<p>REGULAMIN\u00a0 okre\u015blaj\u0105cy szczeg\u00f3\u0142owe warunki korzystania przez uczni\u00f3w z bezp\u0142atnych podr\u0119cznik\u00f3w lub materia\u0142\u00f3w edukacyjnych \u00a71 W celu zapewnienia co najmniej trzyletniego okresu u\u017cywania podr\u0119cznik\u00f3w lub materia\u0142\u00f3w edukacyjnych okre\u015bla si\u0119 szczeg\u00f3\u0142owe warunki korzystania z<a class=\"moretag\" href=\"https:\/\/spwr.chmielnik.pl\/index.php\/regulamin-okreslajacy-szczegolowe-warunki-korzystania-przez-uczniow-z-bezplatnych-podrecznikow-lub-materialow-edukacyjnych\/\">Read More&#8230;<\/a><\/p>\n","protected":false},"author":1,"featured_media":0,"parent":0,"menu_order":0,"comment_status":"closed","ping_status":"closed","template":"","meta":{"footnotes":""},"class_list":["post-112","page","type-page","status-publish","hentry"],"_links":{"self":[{"href":"https:\/\/spwr.chmielnik.pl\/index.php\/wp-json\/wp\/v2\/pages\/112","targetHints":{"allow":["GET"]}}],"collection":[{"href":"https:\/\/spwr.chmielnik.pl\/index.php\/wp-json\/wp\/v2\/pages"}],"about":[{"href":"https:\/\/spwr.chmielnik.pl\/index.php\/wp-json\/wp\/v2\/types\/page"}],"author":[{"embeddable":true,"href":"https:\/\/spwr.chmielnik.pl\/index.php\/wp-json\/wp\/v2\/users\/1"}],"replies":[{"embeddable":true,"href":"https:\/\/spwr.chmielnik.pl\/index.php\/wp-json\/wp\/v2\/comments?post=112"}],"version-history":[{"count":3,"href":"https:\/\/spwr.chmielnik.pl\/index.php\/wp-json\/wp\/v2\/pages\/112\/revisions"}],"predecessor-version":[{"id":121,"href":"https:\/\/spwr.chmielnik.pl\/index.php\/wp-json\/wp\/v2\/pages\/112\/revisions\/121"}],"wp:attachment":[{"href":"https:\/\/spwr.chmielnik.pl\/index.php\/wp-json\/wp\/v2\/media?parent=112"}],"curies":[{"name":"wp","href":"https:\/\/api.w.org\/{rel}","templated":true}]}}