{"id":238,"date":"2026-03-17T09:12:59","date_gmt":"2026-03-17T08:12:59","guid":{"rendered":"https:\/\/spwr.chmielnik.pl\/?page_id=238"},"modified":"2026-03-17T09:12:59","modified_gmt":"2026-03-17T08:12:59","slug":"kiedy-do-logopedy","status":"publish","type":"page","link":"https:\/\/spwr.chmielnik.pl\/index.php\/kiedy-do-logopedy\/","title":{"rendered":"Kiedy do logopedy"},"content":{"rendered":"<p><strong>PORADY DLA RODZIC\u00d3W<\/strong><\/p>\n<p><strong>KIEDY DO LOGOPEDY?<\/strong><\/p>\n<p><strong>Zastan\u00f3w si\u0119, czy twojemu dziecku potrzebna jest pomoc logopedy. Je\u015bli na kt\u00f3re\u015b\u00a0 z\u00a0pyta\u0144 odpowiedzia\u0142e\u015b TAK \u2013 id\u017a do logopedy.<\/strong><\/p>\n<p><b>DZIECKO ma:<\/b><\/p>\n<p><strong>6 \u2013 7 miesi\u0105ce<\/strong><\/p>\n<ul>\n<li>nie gaworzy<\/li>\n<li>nie odwraca si\u0119 w kierunku g\u0142osu<\/li>\n<\/ul>\n<p><b>12 miesi\u0119cy<\/b><\/p>\n<ul>\n<li>nie kojarzy pierwszych s\u0142\u00f3w z osob\u0105 lub rzecz\u0105 (gdzie jest mama? pi\u0142ka?)<\/li>\n<li>nie wykonuje prostych polece\u0144, np. zr\u00f3b kosi-kosi, pa-pa!<\/li>\n<li>nie m\u00f3wi pierwszych s\u0142\u00f3w ze zrozumieniem, np. mama, baba, tata.<\/li>\n<\/ul>\n<p><strong>2 lata<\/strong><\/p>\n<ul>\n<li>nie nazywa przedmiot\u00f3w, gdy jest pytane: \u201eCo to jest?\u201d<\/li>\n<li>nie u\u017cywa zda\u0144 prostych<\/li>\n<li>nie wykonuje prostych polece\u0144, np. \u201eDaj mamie pi\u0142k\u0119?\u201d<\/li>\n<\/ul>\n<p><strong>3 lata<\/strong><\/p>\n<ul>\n<li>podczas m\u00f3wienia wysuwa j\u0119zyk mi\u0119dzy z\u0119by<\/li>\n<li>zacina si\u0119, powtarza sylaby lub wyrazy, np. Id\u0119 do do do sklepu. (Mo\u017ce to by\u0107 niep\u0142ynno\u015b\u0107, kt\u00f3ra minie z wiekiem, ale te\u017c mo\u017ce by\u0107 to objaw j\u0105kania.)<\/li>\n<li>nie m\u00f3wi lub m\u00f3wi bardzo ma\u0142o.<\/li>\n<\/ul>\n<p><strong>4 lata<\/strong><\/p>\n<ul>\n<li>nawykowo m\u00f3wi przez nos<\/li>\n<li>zamienia g\u0142oski d\u017awi\u0119czne na bezd\u017awi\u0119czne, np. zamiast\u00a0<em>woda\u00a0<\/em>m\u00f3wi\u00a0<em>fota,\u00a0<\/em>zamiast\u00a0<em>buda\u00a0<\/em>m\u00f3wi\u00a0<em>puta.<\/em><\/li>\n<li>zamiast\u00a0<em>s, z, c, dz\u00a0<\/em>m\u00f3w<em>i \u015b, \u017a, \u0107, d\u017a<\/em><\/li>\n<li>zamiast\u00a0<em>k, g\u00a0<\/em>m\u00f3wi\u00a0<em>t, d<\/em><\/li>\n<\/ul>\n<p><strong>5 lat<\/strong><\/p>\n<ul>\n<li>nie m\u00f3wi zdaniami rozwini\u0119tymi<\/li>\n<li>nie m\u00f3wi\u00a0<em>sz, \u017c, cz, d\u017c<\/em><\/li>\n<li>trudno je zrozumie\u0107<\/li>\n<li>nie zadaje pyta\u0144<\/li>\n<\/ul>\n<p><strong>6 lat<\/strong><\/p>\n<ul>\n<li>nie m\u00f3wi g\u0142oski\u00a0<em>r(<\/em>zamienia j\u0105 na\u00a0<em>l\u00a0<\/em>,\u00a0<em>j,\u00a0<\/em>lub wymawia gard\u0142owo)<\/li>\n<li>nie potrafi odpowiedzie\u0107 na pytania dotycz\u0105ce wakacji lub wys\u0142uchanej bajki<\/li>\n<li>pope\u0142nia du\u017co b\u0142\u0119d\u00f3w gramatycznych<\/li>\n<\/ul>\n<p><strong>Uwagi praktyczne:<\/strong><\/p>\n<ul>\n<li>Nie wolno bagatelizowa\u0107 ewentualnych trudno\u015bci u ch\u0142opc\u00f3w i mylnie s\u0105dzi\u0107, \u017ce mog\u0105 oni nieco p\u00f3\u017aniej osi\u0105ga\u0107 umiej\u0119tno\u015bci j\u0119zykowe ni\u017c dziewczynki.<\/li>\n<li>Karm piersi\u0105.<\/li>\n<li>Twoje dziecko powinno jak najkr\u00f3cej by\u0107 karmione butelk\u0105.<\/li>\n<li>Staraj si\u0119 jak najwcze\u015bniej odzwyczai\u0107 dziecko od smoczka \u2013 gryzaczka.<\/li>\n<li>Rozmawiaj z malcem jak najcz\u0119\u015bciej. Opowiadaj o codziennych czynno\u015bciach, u\u017cywanych przedmiotach, o tym, co si\u0119 dzieje na spacerze\u2026<\/li>\n<li>M\u00f3w do dziecka tak, jakby\u015b z nim rozmawia\u0142a, zadawaj pytania, nawet, je\u015bli na pocz\u0105tku nie otrzymasz odpowiedzi<\/li>\n<li>Unikaj dziecinnego j\u0119zyka, kiedy m\u00f3wisz do dziecka.<\/li>\n<li>Baw si\u0119 z dzieckiem w na\u015bladowanie odg\u0142os\u00f3w, min, ruch\u00f3w.<\/li>\n<li>Odpowiadaj, gdy maluch ci\u0119 \u201ezagaduje\u201d.<\/li>\n<li>Kiedy m\u00f3wisz do dziecka wiele razy powtarzaj okre\u015blone s\u0142owo, np. \u201eto myd\u0142o, to myd\u0142o do mycia\u201d.<\/li>\n<li>Zach\u0119caj, aby dziecko patrzy\u0142o na ciebie, kiedy m\u00f3wisz. Dziecko w\u00f3wczas zobaczy, jak uk\u0142adasz usta, gdy wymawiasz poszczeg\u00f3lne g\u0142oski.<\/li>\n<li>Recytuj wierszyki, \u015bpiewaj piosenki.<\/li>\n<\/ul>\n<p><strong>Przyk\u0142ady zabaw logopedycznych, kt\u00f3re mo\u017cna wykonywa\u0107 w trakcie codziennych zaj\u0119\u0107:<\/strong><\/p>\n<ul>\n<li>robienie b\u0105belk\u00f3w w kubku przy pomocy rurki do napoj\u00f3w,<\/li>\n<li>przenoszenie chrupek z miski do miski za pomoc\u0105 rurki,<\/li>\n<li>oblizywanie warg posmarowanych d\u017cemem, miodem lub kremem czekoladowym,<\/li>\n<li>picie g\u0119stych napoj\u00f3w przez cieniutk\u0105 rurk\u0119,<\/li>\n<li>przyklejenie do podniebienia op\u0142atka lub kawa\u0142ka wafla, kt\u00f3re dziecko powinno odklei\u0107 j\u0119zykiem szeroko otwieraj\u0105c przy tym usta,<\/li>\n<li>rozmawianie z dzieckiem o tym, co robi\u0142o na zaj\u0119ciach logopedycznych; dzieci ch\u0119tnie o tym opowiedz\u0105 przy okazji utrwalaj\u0105c zdobyte tam umiej\u0119tno\u015bci,<\/li>\n<li>w trakcie utrwalania wymowy g\u0142oski w mowie spontanicznej, mo\u017cemy um\u00f3wi\u0107 si\u0119 na sygna\u0142, kt\u00f3ry wska\u017ce dziecku, \u017ce \u201ezapomnia\u0142o si\u0119\u201d i m\u00f3wi \u201epo staremu\u201d, np. rodzic nie odpowiada na pytanie dziecka, je\u015bli ono m\u00f3wi niepoprawnie. UWAGA: t\u0119 metod\u0119 mo\u017cna stosowa\u0107 w\u00f3wczas, gdy dziecko dobrze opanowa\u0142o ju\u017c wymow\u0119 danej g\u0142oski i\u00a0uczy si\u0119 u\u017cywania jej w codziennych sytuacjach (czyli kszta\u0142tuje nawyki u\u017cywania g\u0142oski na co dzie\u0144),<\/li>\n<li>przygotowanie pomocy do \u0107wicze\u0144 razem z dzieckiem lub wykorzystanie gier i\u00a0zabawek, kt\u00f3re ju\u017c s\u0105 w domu,<\/li>\n<li>wykonanie gry planszowej, w kt\u00f3rej b\u0119d\u0105 wykorzystane s\u0142owa, zwroty lub zdania do utrwalenia. Mo\u017ce to te\u017c by\u0107 \u201eMemo\u201d czy \u201ePiotru\u015b\u201d z obrazkami, kt\u00f3rych nazwy zawieraj\u0105 \u0107wiczone g\u0142oski.<\/li>\n<li>rysowanie obrazk\u00f3w, kt\u00f3re dzieci musz\u0105 pokolorowa\u0107 lub doko\u0144czy\u0107 wymawiaj\u0105c przy tym trudne s\u0142owa (w trakcie rysowania prowadzimy dialog z dzieckiem w taki spos\u00f3b, aby w odpowiedziach musia\u0142o u\u017cy\u0107 \u201etrudnych\u201d s\u0142\u00f3w z \u0107wiczonymi g\u0142oskami),<\/li>\n<li>w zabawie z dzieckiem wykorzystaj \u201etrudne\u201d wierszyki lub zabawy paluszkowe.<\/li>\n<\/ul>\n<p>&nbsp;<\/p>\n","protected":false},"excerpt":{"rendered":"<p>PORADY DLA RODZIC\u00d3W KIEDY DO LOGOPEDY? Zastan\u00f3w si\u0119, czy twojemu dziecku potrzebna jest pomoc logopedy. Je\u015bli na kt\u00f3re\u015b\u00a0 z\u00a0pyta\u0144 odpowiedzia\u0142e\u015b TAK \u2013 id\u017a do logopedy. DZIECKO ma: 6 \u2013 7 miesi\u0105ce nie<a class=\"moretag\" href=\"https:\/\/spwr.chmielnik.pl\/index.php\/kiedy-do-logopedy\/\">Read More&#8230;<\/a><\/p>\n","protected":false},"author":1,"featured_media":0,"parent":0,"menu_order":0,"comment_status":"closed","ping_status":"closed","template":"","meta":{"footnotes":""},"class_list":["post-238","page","type-page","status-publish","hentry"],"_links":{"self":[{"href":"https:\/\/spwr.chmielnik.pl\/index.php\/wp-json\/wp\/v2\/pages\/238","targetHints":{"allow":["GET"]}}],"collection":[{"href":"https:\/\/spwr.chmielnik.pl\/index.php\/wp-json\/wp\/v2\/pages"}],"about":[{"href":"https:\/\/spwr.chmielnik.pl\/index.php\/wp-json\/wp\/v2\/types\/page"}],"author":[{"embeddable":true,"href":"https:\/\/spwr.chmielnik.pl\/index.php\/wp-json\/wp\/v2\/users\/1"}],"replies":[{"embeddable":true,"href":"https:\/\/spwr.chmielnik.pl\/index.php\/wp-json\/wp\/v2\/comments?post=238"}],"version-history":[{"count":1,"href":"https:\/\/spwr.chmielnik.pl\/index.php\/wp-json\/wp\/v2\/pages\/238\/revisions"}],"predecessor-version":[{"id":239,"href":"https:\/\/spwr.chmielnik.pl\/index.php\/wp-json\/wp\/v2\/pages\/238\/revisions\/239"}],"wp:attachment":[{"href":"https:\/\/spwr.chmielnik.pl\/index.php\/wp-json\/wp\/v2\/media?parent=238"}],"curies":[{"name":"wp","href":"https:\/\/api.w.org\/{rel}","templated":true}]}}