{"id":978,"date":"2026-04-08T13:14:14","date_gmt":"2026-04-08T11:14:14","guid":{"rendered":"https:\/\/spwr.chmielnik.pl\/?page_id=978"},"modified":"2026-04-08T13:18:06","modified_gmt":"2026-04-08T11:18:06","slug":"doradztwo-zawodowe-w-szkole","status":"publish","type":"page","link":"https:\/\/spwr.chmielnik.pl\/index.php\/doradztwo-zawodowe-w-szkole\/","title":{"rendered":"Doradztwo zawodowe w szkole"},"content":{"rendered":"<p style=\"text-align: center;\"><strong><span style=\"color: #ff0000;\"><a style=\"color: #ff0000;\" href=\"https:\/\/padlet.com\/wolaprzedszkolaki\/doradztwo-zawodowe-w-sp-w-woli-rafa-owskiej-yogkktt8oyqdg5o8\">https:\/\/padlet.com\/wolaprzedszkolaki\/doradztwo-zawodowe-w-sp-w-woli-rafa-owskiej-yogkktt8oyqdg5o8<\/a><\/span><\/strong><\/p>\n<p><strong><em>Wybierz prac\u0119, kt\u00f3r\u0105 kochasz, i\u00a0nie przepracujesz ani jednego dnia wi\u0119cej w Twoim \u017cyciu\u201d<br \/>\n<\/em><\/strong><em>\u00a0\u00a0\u00a0\u00a0\u00a0\u00a0\u00a0\u00a0\u00a0\u00a0\u00a0\u00a0\u00a0\u00a0\u00a0\u00a0\u00a0\u00a0\u00a0\u00a0\u00a0\u00a0\u00a0\u00a0\u00a0\u00a0\u00a0\u00a0\u00a0\u00a0\u00a0\u00a0\u00a0\u00a0\u00a0\u00a0\u00a0\u00a0\u00a0\u00a0\u00a0\u00a0\u00a0\u00a0\u00a0\u00a0\u00a0\u00a0\u00a0\u00a0\u00a0\u00a0\u00a0\u00a0\u00a0\u00a0\u00a0\u00a0\u00a0\u00a0\u00a0\u00a0\u00a0\u00a0\u00a0\u00a0\u00a0\u00a0\u00a0\u00a0\u00a0\u00a0\u00a0\u00a0\u00a0\u00a0\u00a0\u00a0\u00a0\u00a0\u00a0\u00a0\u00a0\u00a0\u00a0\u00a0\u00a0\u00a0\u00a0\u00a0\u00a0\u00a0\u00a0\u00a0\u00a0\u00a0\u00a0Konfucjusz<\/em><\/p>\n<p>Doradztwo zawodowe w szkole podstawowej obejmuje wszystkie dzia\u0142ania podejmowane przez plac\u00f3wk\u0119, kt\u00f3rych celem jest wspieranie uczni\u00f3w oraz ich rodzic\u00f3w w wyborze dalszej drogi kszta\u0142cenia i przysz\u0142ego zawodu.<\/p>\n<p>Niezale\u017cnie od do\u015bwiadcze\u0144 zdobytych w domu, udzia\u0142 uczni\u00f3w w \u017cyciu szkolnym &#8211; zar\u00f3wno podczas lekcji, jak i r\u00f3\u017cnych wydarze\u0144 czy wycieczek &#8211; pomaga im lepiej pozna\u0107 samych siebie. Ju\u017c od najm\u0142odszych lat, poprzez wsp\u00f3ln\u0105 nauk\u0119 i zabaw\u0119, dzieci stopniowo odkrywaj\u0105 swoje mo\u017cliwo\u015bci, zainteresowania, mocne strony oraz ucz\u0105 si\u0119 funkcjonowania w grupie i komunikowania si\u0119 z innymi.<\/p>\n<p><strong>Doradztwo zawodowe na poszczeg\u00f3lnych etapach edukacji<\/strong><\/p>\n<p>Dzia\u0142ania z zakresu doradztwa zawodowego s\u0105 prowadzone w spos\u00f3b planowy i systematyczny. Ich g\u0142\u00f3wnym zadaniem jest wspieranie dzieci i uczni\u00f3w w poznawaniu w\u0142asnych predyspozycji oraz podejmowaniu \u015bwiadomych decyzji dotycz\u0105cych dalszej edukacji i wyboru zawodu.<\/p>\n<p><strong>Etapy realizacji dzia\u0142a\u0144:<\/strong><\/p>\n<ul>\n<li><strong>Wychowanie przedszkolne \u2013 preorientacja zawodowa<\/strong><br \/>\nNa tym etapie dzieci poznaj\u0105 wybrane zawody w spos\u00f3b og\u00f3lny, a tak\u017ce rozwijaj\u0105 swoje zainteresowania i uzdolnienia.<\/li>\n<li><strong>Klasy I\u2013VI \u2013 orientacja zawodowa<\/strong><br \/>\nUczniowie zapoznaj\u0105 si\u0119 z r\u00f3\u017cnymi zawodami, ucz\u0105 si\u0119 pozytywnego podej\u015bcia do pracy i edukacji oraz rozwijaj\u0105 swoje zainteresowania i umiej\u0119tno\u015bci.<\/li>\n<li><strong>Klasy VII\u2013VIII \u2013 doradztwo zawodowe<\/strong><br \/>\nW starszych klasach uczniowie poznaj\u0105 system edukacji w Polsce, zdobywaj\u0105 wiedz\u0119 o rynku pracy oraz ucz\u0105 si\u0119 planowania swojej dalszej \u015bcie\u017cki kszta\u0142cenia. Wa\u017cnym elementem s\u0105 tak\u017ce zaj\u0119cia rozwijaj\u0105ce umiej\u0119tno\u015bci spo\u0142eczne, takie jak komunikacja i wsp\u00f3\u0142praca, a tak\u017ce \u0107wiczenia pomagaj\u0105ce lepiej zrozumie\u0107 siebie.<\/li>\n<\/ul>\n<p><strong>Doradztwo zawodowe jest realizowane poprzez:<\/strong><\/p>\n<ul>\n<li>zaj\u0119cia wychowania przedszkolnego,<\/li>\n<li>obowi\u0105zkowe zaj\u0119cia edukacyjne,<\/li>\n<li>specjalne zaj\u0119cia z zakresu doradztwa zawodowego,<\/li>\n<li>dzia\u0142ania w ramach pomocy psychologiczno-pedagogicznej,<\/li>\n<li>zaj\u0119cia prowadzone przez wychowawc\u0119.<\/li>\n<\/ul>\n<p>Zach\u0119camy uczni\u00f3w i rodzic\u00f3w, tak\u017ce nauczycieli do skorzystania z materia\u0142\u00f3w i narz\u0119dzi przydatnych w okre\u015blaniu dalszej \u015bcie\u017cki edukacyjnej oraz przy wyborze zawodu.<\/p>\n<p style=\"text-align: center;\"><a href=\"https:\/\/padlet.com\/wolaprzedszkolaki\/doradztwo-zawodowe-w-sp-w-woli-rafa-owskiej-yogkktt8oyqdg5o8\">https:\/\/padlet.com\/wolaprzedszkolaki\/doradztwo-zawodowe-w-sp-w-woli-rafa-owskiej-yogkktt8oyqdg5o8<\/a><\/p>\n<p>&nbsp;<\/p>\n<p>&nbsp;<\/p>\n","protected":false},"excerpt":{"rendered":"<p>https:\/\/padlet.com\/wolaprzedszkolaki\/doradztwo-zawodowe-w-sp-w-woli-rafa-owskiej-yogkktt8oyqdg5o8 Wybierz prac\u0119, kt\u00f3r\u0105 kochasz, i\u00a0nie przepracujesz ani jednego dnia wi\u0119cej w Twoim \u017cyciu\u201d \u00a0\u00a0\u00a0\u00a0\u00a0\u00a0\u00a0\u00a0\u00a0\u00a0\u00a0\u00a0\u00a0\u00a0\u00a0\u00a0\u00a0\u00a0\u00a0\u00a0\u00a0\u00a0\u00a0\u00a0\u00a0\u00a0\u00a0\u00a0\u00a0\u00a0\u00a0\u00a0\u00a0\u00a0\u00a0\u00a0\u00a0\u00a0\u00a0\u00a0\u00a0\u00a0\u00a0\u00a0\u00a0\u00a0\u00a0\u00a0\u00a0\u00a0\u00a0\u00a0\u00a0\u00a0\u00a0\u00a0\u00a0\u00a0\u00a0\u00a0\u00a0\u00a0\u00a0\u00a0\u00a0\u00a0\u00a0\u00a0\u00a0\u00a0\u00a0\u00a0\u00a0\u00a0\u00a0\u00a0\u00a0\u00a0\u00a0\u00a0\u00a0\u00a0\u00a0\u00a0\u00a0\u00a0\u00a0\u00a0\u00a0\u00a0\u00a0\u00a0\u00a0\u00a0\u00a0\u00a0\u00a0Konfucjusz Doradztwo zawodowe w szkole podstawowej obejmuje wszystkie dzia\u0142ania podejmowane przez plac\u00f3wk\u0119, kt\u00f3rych celem jest wspieranie uczni\u00f3w oraz<a class=\"moretag\" href=\"https:\/\/spwr.chmielnik.pl\/index.php\/doradztwo-zawodowe-w-szkole\/\">Read More&#8230;<\/a><\/p>\n","protected":false},"author":1,"featured_media":0,"parent":0,"menu_order":0,"comment_status":"closed","ping_status":"closed","template":"","meta":{"footnotes":""},"class_list":["post-978","page","type-page","status-publish","hentry"],"_links":{"self":[{"href":"https:\/\/spwr.chmielnik.pl\/index.php\/wp-json\/wp\/v2\/pages\/978","targetHints":{"allow":["GET"]}}],"collection":[{"href":"https:\/\/spwr.chmielnik.pl\/index.php\/wp-json\/wp\/v2\/pages"}],"about":[{"href":"https:\/\/spwr.chmielnik.pl\/index.php\/wp-json\/wp\/v2\/types\/page"}],"author":[{"embeddable":true,"href":"https:\/\/spwr.chmielnik.pl\/index.php\/wp-json\/wp\/v2\/users\/1"}],"replies":[{"embeddable":true,"href":"https:\/\/spwr.chmielnik.pl\/index.php\/wp-json\/wp\/v2\/comments?post=978"}],"version-history":[{"count":6,"href":"https:\/\/spwr.chmielnik.pl\/index.php\/wp-json\/wp\/v2\/pages\/978\/revisions"}],"predecessor-version":[{"id":985,"href":"https:\/\/spwr.chmielnik.pl\/index.php\/wp-json\/wp\/v2\/pages\/978\/revisions\/985"}],"wp:attachment":[{"href":"https:\/\/spwr.chmielnik.pl\/index.php\/wp-json\/wp\/v2\/media?parent=978"}],"curies":[{"name":"wp","href":"https:\/\/api.w.org\/{rel}","templated":true}]}}